- (-2)/31. Calculate the highest common factor of 2106 and n.
26
Let c(y) = -y**3 + 7*y**2 + 6*y - 2. Let a(m) = 2*m. Let d(q) = -6*a(q) + c(q). Let g be d(5). Calculate the greatest common factor of g and 18.
18
Suppose -3*l - 20 = 4*n + 2*l, 5*l = 2*n + 10. Let q(c) = 15*c**2 + c - 5. Let g be q(n). Calculate the highest common factor of g and 5.
5
Let f(v) = 9 - 156*v**2 + 308*v**2 + 2*v - 153*v**2. Let x be f(0). Let c = -2 - -3. Calculate the greatest common factor of x and c.
1
Let j be (16 - (-6 - (-45)/3)) + 25/1. What is the greatest common factor of 216 and j?
8
Let l(m) be the second derivative of 3/2*m**2 - 2*m - 11/12*m**4 - 13/3*m**3 + 1/20*m**5 - 8. Let q be l(13). What is the greatest common factor of q and 3?
3
Suppose 21216 = 5*j - 9*u, -67*j = -72*j - 4*u + 21164. What is the greatest common divisor of j and 12?
12
Suppose 2 = a + 3*j - 14, 2*a - 5*j = -12. Let r be (a + (4 - 5)*-69)*1. Calculate the highest common divisor of 146 and r.
73
Suppose 620*h - 61405 = -10112 + 28687. What is the greatest common divisor of 1505 and h?
43
Let g be (40 + -1)*(8 + -9). Let r = 303 - 338. Let q = r - g. What is the greatest common divisor of 6 and q?
2
Let h(q) = -11*q**3 + 16*q**3 - 6*q**3 + 42*q - 20*q**2 - 17 - 3. Let m be h(-22). Calculate the greatest common divisor of m and 312.
24
Suppose 22*f - 1367 - 9369 = 0. What is the highest common factor of 32 and f?
8
Suppose -3*c + 73 = -50. Suppose 361*g = 344*g + 51. Suppose -c = -g*m + 55. Calculate the highest common factor of 64 and m.
32
Suppose -z = -6, -o + 5*z = 8*z - 4282. Calculate the highest common factor of 208 and o.
104
Let p = 8111 + -7536. Calculate the highest common divisor of p and 675.
25
Suppose 89*z - 19*z = 8190. Calculate the greatest common divisor of 6903 and z.
117
Let j(q) = 16*q**2 - 2*q - 1. Let p be j(-1). Suppose -431 = -k + 4*z, -11*k + 5*k = -2*z - 2740. Calculate the greatest common divisor of p and k.
17
Let m be (-15*(11 - (-319)/3))/(2/(-2)). Calculate the highest common divisor of 704 and m.
352
Let v(r) = 15*r + 1446. Let z be v(-46). What is the highest common divisor of z and 675?
27
Let d(h) = 222*h - 1762. Let o be d(12). What is the highest common divisor of o and 1100?
22
Suppose 0 = 4*z + 1478 - 9078. Calculate the highest common divisor of z and 200.
100
Let h = -6037 + 6131. Calculate the greatest common divisor of h and 2021.
47
Let c(i) = 87*i - 13. Let o be c(3). Let v = o + -201. What is the greatest common divisor of 329 and v?
47
Suppose r - 2*u - 102 = 0, 346 = 4*r + 5*u + 29. What is the highest common divisor of 20504 and r?
88
Let g(w) = -w**3 - 2*w**2 + 7*w + 5. Let i be g(-4). Let k = -150 + 335. Suppose 4*y - k = r, 8 = -2*r - 2. Calculate the highest common divisor of y and i.
9
Let z(j) = j**3 - 50*j**2 - 61*j + 59. Let a be z(52). Calculate the greatest common divisor of a and 270.
135
Let d = 101 - 146. Let x be 12/(-54) - 3610/d. Calculate the greatest common divisor of 60 and x.
20
Let b be (154/(-5))/((-6)/(-10)*(-10)/735). What is the highest common divisor of 77 and b?
77
Suppose 4*p - 4924 = -y, -4*p - 2*y + 4916 = -3*y. Let u be 6/5*p/4. Let h = 639 - u. Calculate the greatest common divisor of 18 and h.
18
Suppose 33*s - 12678 = -897. Let a = s - 335. What is the greatest common factor of 286 and a?
22
Let w(l) = -9*l - 3. Let x be w(-3). Suppose 2*a - 1458 = 313*j - 318*j, -2*j - a = -585. Calculate the highest common divisor of j and x.
24
Suppose -18*g + 137 = -7. Suppose o + g = 4*j, 19*j - 14*j = o + 12. Let k be 4/(-4) + 1 + 1. Calculate the greatest common factor of k and o.
1
Let w(s) = 336*s + 13451. Let p be w(-40). What is the highest common divisor of p and 10197?
11
Suppose 14*l = 2*l - 1836. Let r be (1*4)/((-767)/l - 5). Calculate the greatest common factor of 9 and r.
9
Let z be 2/(-2) - 2/(6/(-51)). Let l = 74 + z. What is the greatest common factor of l and 10?
10
Let i = -10 + 9. Let r(s) = -14*s**3 + s**2 - s - 1. Let v be r(i). Let t(x) = -11*x - 445. Let j be t(-50). Calculate the highest common factor of v and j.
15
Let c(q) = q**3 + 19*q**2 - 11*q + 72. Let o be c(-19). Calculate the greatest common divisor of o and 1.
1
Let o be 33/15 + 0 - 1487938/(-310). Calculate the greatest common divisor of o and 294.
98
Suppose 5*l + p - 14*p = 12838, 3*l + 3*p = 7638. Calculate the highest common factor of l and 352.
88
Let b = 1861 + -336. Let z(i) = 2*i**3 + 318*i**2 + 325*i + 1483. Let r be z(-158). What is the highest common divisor of r and b?
61
Let w = 7931 + -7415. What is the highest common factor of w and 30?
6
Suppose 23*u + 2859 - 11185 = 0. What is the highest common divisor of 2 and u?
2
Let u = 8198 + -8112. Let w(c) = 108*c - 1. Let k be w(2). Calculate the greatest common divisor of u and k.
43
Let j be (4 + (-24)/(-9))/(2/42). Let q be ((-12)/7)/((-15)/j). Calculate the highest common factor of q and 1.
1
Let j = 415 - 534. Let g = j - -130. Calculate the greatest common factor of 1507 and g.
11
Suppose 0 = 5*j + 20, 2*j - 196 = 55*d - 63*d + 3*j. Let c(f) = 767*f**3 + f**2. Let x be c(1). What is the highest common factor of x and d?
24
Suppose 0 = -5*h - w + 710, 5*h = -235*w + 236*w + 730. Suppose -192 = -3*n + s - 6*s, 0 = -4*n + s + 256. What is the highest common factor of n and h?
16
Let d be 316/((-4)/2 - 0). Let y = 307 - d. What is the highest common divisor of y and 45?
15
Let l be (42/15)/(2/10). Suppose 51 + 88 = 21*c - 29. Calculate the highest common divisor of l and c.
2
Let d(y) = -y**2 + 31*y + 265. Let b be d(38). Let w be 11772/648 + b/6. Suppose 4*n = 8*n - 36. What is the highest common factor of n and w?
9
Suppose -847 = -87*c + 893. What is the greatest common divisor of c and 3930?
10
Let s(p) = 20*p**2 - 91*p - 378. Let f be s(-4). What is the greatest common factor of f and 18?
18
Let g be 10*(0 - (-24)/(-10)). Let v be (36/16)/(g/(-64)). Calculate the highest common divisor of v and 33.
3
Let p(u) = -179*u**3 - 15*u**2 - 115*u + 3. Let a be p(-4). What is the highest common factor of 51 and a?
51
Suppose f = -3*m - 873, 0 = 19*f - 14*f + m + 4393. Let z = 895 + f. What is the highest common factor of z and 112?
16
Suppose 3*f - 208 = f. Let t = 9182 - 9150. What is the highest common factor of t and f?
8
Let o(r) = 5*r + 60. Let i be o(-11). Suppose 342 = 4*t + i*w, 4*t - w - 442 = -t. Calculate the highest common factor of t and 33.
11
Let z(j) = 2*j**2 + 48*j - 577. Let x be z(13). Calculate the highest common divisor of x and 308.
77
Let b = -238 + 417. Let u = -107 + b. Suppose -u = -5*d + d. Calculate the greatest common factor of d and 162.
18
Let u = 33 - 9. Suppose 3*v = 9*v - u. Suppose -v = l - 19. What is the greatest common divisor of 5 and l?
5
Let h(y) be the first derivative of 11/2*y**2 - 16 + 1/4*y**4 - 3*y**3 + 9*y. Let b be h(8). What is the greatest common divisor of 3 and b?
3
Let r be (-15)/8*(158 + -1350). What is the highest common divisor of 60 and r?
15
Let t(z) = 6*z**2 - 179*z + 767. Let i be t(5). Suppose 2*k - 11 = 1. What is the highest common factor of i and k?
2
Let l = -5914 + 6445. Calculate the greatest common divisor of l and 144.
9
Let m(g) = 16*g + 12. Let t be m(-5). Let d = 77 + t. Calculate the greatest common divisor of 99 and d.
9
Let s(w) = -2*w**2 - 49*w + 27. Let l be s(-15). Suppose 165*c = 173*c - l. Calculate the highest common divisor of c and 15.
3
Let u = 181 + -301. Let x = -42 - u. Let b be ((-3)/4 - (-175)/100) + (-51)/(-1). Calculate the highest common factor of x and b.
26
Let g be (-195)/90*(-14 - -8). What is the greatest common divisor of g and 2379?
13
Suppose g = 5*d - 10, -3*d + 15 = 9. Suppose 5*a - 93*f = -89*f + 70, 4*f = g. What is the highest common divisor of a and 1778?
14
Let x(t) be the second derivative of 7*t**4/12 + 19*t**3/6 + 11*t**2/2 + 4*t - 11. Let s be x(-5). Calculate the highest common factor of 26 and s.
13
Let p(l) = l**2 + 116*l + 663. Let w be p(-6). Let u(r) = 271*r - 7. Let t be u(1). Calculate the greatest common factor of t and w.
3
Suppose -j + 6*j + 225 = 0. Let c = 53 + j. Suppose -10*w = -c*w - 54. What is the highest common factor of w and 27?
27
Let z be (-568516)/(-319) + 12/(-66). Calculate the greatest common divisor of 198 and z.
198
Suppose 37